 = u**3 - 3*u**2 - 17*u - 10. Give q(-3).
-13
Let r(u) = u**3 + 141*u**2 + 684*u + 550. What is r(-136)?
6
Let u(l) = -154*l - 10632. Determine u(-69).
-6
Let r(g) = 257*g + 912. Calculate r(-4).
-116
Let w(c) = 5*c**2 - 57*c - 187. What is w(14)?
-5
Let r(x) = 2*x**2 + 1053*x + 3154. What is r(-3)?
13
Let r(o) = o**3 - 4*o**2 - 30*o + 83. Determine r(8).
99
Let d(o) = -o**2 - 50*o - 374. Give d(-10).
26
Let x(g) = -30*g + 584. Calculate x(20).
-16
Let j(k) = -7*k**3 + 343*k**2 + 3*k - 147. Calculate j(49).
0
Let r(k) = -3*k**3 + 20*k**2 + 248*k - 4. What is r(13)?
9
Let x(l) = -l**3 + 31*l**2 + 4*l - 196. Determine x(31).
-72
Let j(q) = -13*q + 67. Calculate j(8).
-37
Let k(a) = a**3 - 3*a**2 - 8*a - 16. What is k(5)?
-6
Let v(j) = -8*j**2 - 188*j - 87. Give v(-23).
5
Let p(k) = 2*k**3 + 3*k**2 + 10*k - 99. Give p(6).
501
Let w(u) = -u**3 - 30*u**2 - 200*u + 93. Determine w(-11).
-6
Let p(w) = 8*w**2 - 62*w - 109. Give p(9).
-19
Let o(z) = z**3 + 5*z**2 - 219*z + 33. What is o(13)?
228
Let z(t) = -t**2 - t + 45. Calculate z(-6).
15
Let k(o) = -1812*o - 41652. Calculate k(-23).
24
Let d(v) = 5*v - 19. Determine d(25).
106
Let f(a) = 2*a + 40. Calculate f(-22).
-4
Let k(m) = -8*m - 483. Calculate k(-81).
165
Let z(n) = 2*n**2 + 87*n - 1. Calculate z(-43).
-44
Let l(j) = 76*j + 213. What is l(-7)?
-319
Let y(h) = h**3 - 16*h**2 + 23*h + 143. Determine y(5).
-17
Let y(r) = -323*r - 16. What is y(-1)?
307
Let q(c) = 244*c**2 - 234*c. What is q(1)?
10
Let s(l) = -3*l**3 + 31*l**2 - 73*l - 41. Calculate s(4).
-29
Let y(v) = -2*v**2 - 30*v + 210. Determine y(8).
-158
Let g(b) = -b**2 - 12*b + 265. Calculate g(-12).
265
Let r(p) = p**3 + p**2 + 10*p + 9. Give r(-4).
-79
Let k(h) = 3*h**2 + 80*h + 84. What is k(-28)?
196
Let c(o) = 3*o**2 + 32*o - 600. What is c(10)?
20
Let v(r) = 213*r + 2205. Determine v(-11).
-138
Let t(m) = 4824*m + 43408. Give t(-9).
-8
Let s(g) = 8*g**2 + 99*g + 39. Calculate s(-12).
3
Let w(c) = 23*c - 410. What is w(17)?
-19
Let v(a) = -a**3 + 26*a**2 - 165*a - 15. What is v(14)?
27
Let t(b) = -8*b - 149. Calculate t(-19).
3
Let o(f) = 2*f**3 - 21*f**2 + 41*f - 13. Determine o(8).
-5
Let j(w) = 92*w**2 + 7087*w + 226. Give j(-77).
-5
Let a(f) = -229*f + 3022. Give a(13).
45
Let k(b) = -189*b + 960. Determine k(5).
15
Let l(s) = -176*s + 34010. Determine l(193).
42
Let i(v) = -v**3 - 50*v**2 + 51*v - 10. Give i(-51).
-10
Let p(g) = 17725*g + 35446. Calculate p(-2).
-4
Let k(m) = -2*m**3 - 9*m**2 + 17*m + 21. What is k(-6)?
27
Let i(f) = -2*f - 308. What is i(-159)?
10
Let j(x) = x**2 - x - 352. Calculate j(0).
-352
Let x(d) = -84*d + 156. Determine x(1).
72
Let v(q) = 11*q - 949. Calculate v(62).
-267
Let x(m) = 234*m - 19878. Give x(85).
12
Let i(c) = 1042*c - 85434. What is i(82)?
10
Let v(w) = -w**3 - 11*w + 21. Determine v(2).
-9
Let n(c) = -c**3 - 10*c**2 + 8*c + 28. Give n(-11).
61
Let c(x) = 2*x**3 - 102*x**2 - 94*x - 514. What is c(52)?
6
Let j(s) = -5606*s - 33627. Determine j(-6).
9
Let i(z) = 50*z + 353. What is i(-8)?
-47
Let c(n) = 2*n**2 - 202*n + 1255. Determine c(94).
-61
Let z(b) = -3*b**3 - 197*b**2 - 147*b - 14. Calculate z(-65).
1091
Let l(n) = 13*n + 665. Calculate l(-75).
-310
Let k(a) = 23*a - 498. What is k(25)?
77
Let r(h) = h**3 + h**2 + 5*h + 33. Calculate r(-6).
-177
Let q(v) = 430*v - 3722. Determine q(9).
148
Let u(p) = 56*p - 1290. Give u(23).
-2
Let w(y) = -2*y**3 + 7*y**2 - 20*y + 23. Give w(3).
-28
Let o(y) = 60*y**2 - 169*y - 11. Calculate o(3).
22
Let g(a) = 4*a**3 - 9*a**2 - 1168*a + 14. Determine g(-16).
14
Let s(u) = u**3 - 53*u**2 + 51*u - 87. Determine s(52).
-139
Let y(m) = 95*m + 3988. Calculate y(-42).
-2
Let x(y) = 110*y - 983. Determine x(0).
-983
Let g(v) = 103*v - 706. Determine g(8).
118
Let a(t) = t**2 + 76*t + 794. Calculate a(-63).
-25
Let w(i) = i**3 - 19*i**2 + 74*i + 16. Determine w(5).
36
Let c(g) = 449*g + 12124. What is c(-27)?
1
Let t(n) = -8*n**2 - 197*n - 127. Determine t(-23).
172
Let g(r) = 3*r**3 - 232*r**2 - 393*r - 156. Calculate g(79).
2
Let f(k) = -k**3 - 38*k**2 + 123*k. Give f(-41).
0
Let v(p) = 38*p + 78. Calculate v(-17).
-568
Let i(r) = -58*r + 449. Determine i(4).
217
Let g(s) = s**2 - 83*s + 1785. Give g(34).
119
Let i(g) = -14507*g + 29007. Determine i(2).
-7
Let d(l) = 2026*l + 12161. What is d(-6)?
5
Let j(f) = 11*f + 64. Determine j(-31).
-277
Let d(w) = 11*w**3 - 2*w**2 + w + 5. Give d(0).
5
Let w(c) = -3*c**3 - 28*c**2 + 12*c + 27. Give w(-9).
-162
Let y(d) = -10*d**3 + 99*d**2 - 180*d + 1904. Determine y(10).
4
Let r(l) = 58*l + 4933. Calculate r(-89).
-229
Let m(c) = -c**3 - 4*c**2 + 16*c - 11. Determine m(-8).
117
Let y(j) = -j**3 + 168*j**2 - 3212*j - 4. What is y(22)?
-4
Let h(s) = -4*s**2 - 292*s + 4. Give h(-73).
4
Let f(n) = 13*n - 34. What is f(14)?
148
Let l(i) = 145*i + 6226. Give l(-43).
-9
Let v(n) = 7*n**2 - 224*n + 22. Determine v(32).
22
Let b(m) = -3*m**3 - 2*m**2 - 470*m - 945. Calculate b(-2).
11
Let o(v) = -v**3 + 104*v**2 + 778*v - 104. Calculate o(111).
7
Let c(r) = -3*r**3 + 23*r**2 - 7*r + 113. Calculate c(8).
-7
Let b(q) = q**2 + 14*q - 40. Determine b(5).
55
Let g(b) = 20*b - 566. What is g(27)?
-26
Let i(m) = 43*m + 1413. What is i(-31)?
80
Let f(z) = -6*z**3 + 6*z**2 + 5*z + 17. What is f(-4)?
477
Let m(h) = -162*h**3 - 1. Calculate m(1).
-163
Let o(m) = 3*m**3 + 3*m**2 + 3*m - 8. Give o(-2).
-26
Let p(u) = -u**3 + 13*u**2 + 16*u - 29. Give p(14).
-1
Let c(n) = n**2 - 6*n + 16. Determine c(-7).
107
Let l(i) = -i**2 + 73*i - 922. What is l(17)?
30
Let f(c) = c**3 - 22*c**2 - 24*c + 60. Determine f(22).
-468
Let y(p) = p**3 + 121*p**2 + 2669*p - 81. What is y(-92)?
-173
Let c(h) = 50*h + 744. What is c(-16)?
-56
Let n(c) = -99*c + 11269. Calculate n(114).
-17
Let h(u) = 8*u**2 - 977*u - 37969. Give h(-31).
6
Let b(g) = g**3 + 6685*g**2 + 13363*g - 6. Calculate b(-2).
0
Let m(q) = 15*q**3 + 2*q**2 + 31*q - 32. What is m(1)?
16
Let m(z) = -z**3 + 23*z**2 + 23*z + 37. Determine m(24).
13
Let j(t) = 211*t + 27214. Calculate j(-129).
-5
Let q(k) = 4*k**2 - 4*k - 103. Give q(7).
65
Let i(a) = -22*a - 117. What is i(-7)?
37
Let g(c) = -12*c**2 - 3*c + 20. What is g(-7)?
-547
Let i(c) = c**2 + 38*c + 223. Determine i(-26).
-89
Let l(c) = 13*c**2 - 28*c - 51. Determine l(-2).
57
Let i(n) = -3*n**2 - 6*n - 15. What is i(-2)?
-15
Let j(f) = 27*f + 2638. Determine j(-98).
-8
Let a(x) = -548*x - 2706. What is a(-5)?
34
Let x(b) = 2*b**3 - 28*b**2 + 12*b - 180. Calculate x(14).
-12
Let j(c) = 31*c + 1087. Give j(-34).
33
Let h(q) = q**3 - 30*q**2 + 181*q - 134. Give h(7).
6
Let u(z) = 4*z**3 - 139*z**2 - 30*z - 49. Give u(35).
126
Let k(i) = 2*i - 53. What is k(-2)?
-57
Let t(s) = -2*s**2 + 22*s + 158. Determine t(-19).
-982
Let n(o) = 7*o**2 + 122*o - 246. Calculate n(2).
26
Let q(n) = 353*n + 20. What is q(1)?
373
Let l(k) = -7*k**2 - 88*k + 972. Give l(11).
-843
Let v(a) = -a**3 - 13*a**2 + 64*a - 62. What is v(-17)?
6
Let w(x) = -5*x**2 + 8*x - 13. What is w(2)?
-17
Let x(t) = -t**2 - 2441*t + 31907. Determine x(13).
5
Let t(p) = 4*p - 407. Calculate t(76).
-103
Let p(y) = y**2 - 64*y - 131. Determine p(66).
1
Let i(n) = 7*n + 292. Calculate i(-60).
-128
Let s(w) = 20*w + 290. What is s(-18)?
-70
Let w(u) = u**2 + 58*u + 469. Calculate w(-49).
28
Let t(f) = 7*f - 104. Determine t(6).
-62
Let o(r) = 95*r - 18. Give o(3).
267
Let b(f) = -262*f + 1675. Determine b(7).
-159
Let k(d) = -2*d**2 + 29*d - 93. Determine k(9).
6
Let m(g) = 2*g**3 - 101*g**2 + 53*g - 134. Calculate m(50).
16
Let f(u) = -2*u**3 - u**2 + 31*u + 16. What is f(-4)?
4
Let f(m) = -2*m**2 + 44*m - 264. What is f(12)?
-24
Let r(w) = -2*w**3 - 73*w**2 - 427*w + 258. Calculate r(-29).
26
Let w(h) = -46*h - 874. Calculate w(-27).
368
Let z(p) = p**3 - 93*p**2 + 79*p + 1219. Give z(92).
23
Let g(t) = -105*t - 89. Give g(-5).
436
Let j(a) = -a**3 - 12*a**2 + 41*a + 510. Calculate j(-7).
-22
Let w(y) = -5*y + 378. Calculate w(29).
233
Let t(j) = j**3 + 8*j**2 + 6*j - 40. What is t(-5)?
5
Let i(b) = -97*b - 115. Calculate i(-1).
-18
Let x(p) = 61*p**3 - 2. What is x(1)?
59
Let j(w) = 3*w**2 - 7*w - 107. Calculate j(15).
463
Let z(b) = -b**2 - 24*b + 26. What is z(8)?
-230
Let t(i) = i**3 - 129*i**2 + 370*i + 1016. Determine t(126).
8
Let w(h) = -2*h**3 + 14*h**2 - 36*h +